{"id":1736,"date":"2016-09-11T15:36:04","date_gmt":"2016-09-11T13:36:04","guid":{"rendered":"http:\/\/studio-zebre.com\/site\/?page_id=1736"},"modified":"2024-12-30T16:23:14","modified_gmt":"2024-12-30T14:23:14","slug":"studio-a","status":"publish","type":"page","link":"https:\/\/studio-zebre.com\/site\/studio-a\/","title":{"rendered":"LE STUDIO"},"content":{"rendered":"\n<h2 class=\"wp-block-heading\">LE STUDIO<\/h2>\n\n\n\n<h4 class=\"wp-block-heading\">Prise de son, \u00e9dition, mixage, r\u00e9alisation&#8230;<\/h4>\n\n\n\n<p>Notre \u00e9quipement haut de gamme alliant vintage et moderne, ainsi que nos \u00e9quipes de techniciens et r\u00e9alisateurs, proposent une large palette de sonorit\u00e9 et de sensibilit\u00e9 pour accompagner avec passion labels et artistes.<\/p>\n\n\n\n<div style=\"height:20px\" aria-hidden=\"true\" class=\"wp-block-spacer\"><\/div>\n\n\n\n<div class=\"wp-block-media-text is-stacked-on-mobile is-vertically-aligned-center\" style=\"border-radius:0px;margin-top:0;margin-bottom:0;padding-top:0;padding-bottom:0;grid-template-columns:35% auto\"><figure class=\"wp-block-media-text__media\"><img loading=\"lazy\" decoding=\"async\" width=\"1024\" height=\"683\" src=\"https:\/\/studio-zebre.com\/site\/wp-content\/uploads\/2024\/08\/0022_23-11-0716-16STUDIO_M17527_WEB-1024x683.jpg\" alt=\"\" class=\"wp-image-2759 size-large\" srcset=\"https:\/\/studio-zebre.com\/site\/wp-content\/uploads\/2024\/08\/0022_23-11-0716-16STUDIO_M17527_WEB-1024x683.jpg 1024w, https:\/\/studio-zebre.com\/site\/wp-content\/uploads\/2024\/08\/0022_23-11-0716-16STUDIO_M17527_WEB-300x200.jpg 300w, https:\/\/studio-zebre.com\/site\/wp-content\/uploads\/2024\/08\/0022_23-11-0716-16STUDIO_M17527_WEB.jpg 1600w\" sizes=\"auto, (max-width: 1024px) 100vw, 1024px\" \/><\/figure><div class=\"wp-block-media-text__content\">\n<ul class=\"wp-block-list\">\n<li style=\"margin-top:var(--wp--preset--spacing--x-small);margin-bottom:var(--wp--preset--spacing--x-small)\"><strong>La r\u00e9gie<\/strong> allie vintage et modernit\u00e9 avec une surface de travail hybride sur mesure o\u00f9 le meilleur de l\u2019analogique et du num\u00e9rique cohabitent dans des conditions optimales. P\u00e9riph\u00e9riques \u00e0 lampe et \u00e0 transistor de renom (Tubetech, Universal Audio, SSL, Empirical Labs&#8230;), des convertisseurs modernes de haute qualit\u00e9 (Antelope), une station audionum\u00e9rique MAC avec de nombreux plugins (Waves, UAD, FabFilter, Autotune, Acustica, Soundtoys&#8230;) et s\u00e9quenceurs (Pro Tools, Cubase, Logic) avec un syst\u00e8me d&rsquo;\u00e9coute haut de gamme Dynaudio dot\u00e9 d&rsquo;un traitement acoustique et \u00e9lectronique soign\u00e9 pour une \u00e9coute transparente.<\/li>\n<\/ul>\n<\/div><\/div>\n\n\n\n<div class=\"wp-block-media-text has-media-on-the-right is-stacked-on-mobile is-vertically-aligned-center\" style=\"grid-template-columns:auto 35%\"><div class=\"wp-block-media-text__content\">\n<ul class=\"wp-block-list\">\n<li style=\"padding-top:var(--wp--preset--spacing--x-small);padding-bottom:var(--wp--preset--spacing--x-small)\"><strong>La salle de prise<\/strong> est \u00e9quip\u00e9e d&rsquo;un <a href=\"https:\/\/studio-zebre.com\/site\/micro-di\/\">parc micro<\/a> haut de gamme avec de nombreuses r\u00e9f\u00e9rences&nbsp;ainsi que d&rsquo;un traitement acoustique adapt\u00e9 au lieu o\u00f9&nbsp;il est possible d&rsquo;y enregistrer plusieurs musiciens en condition live.<\/li>\n<\/ul>\n\n\n\n<ul class=\"wp-block-list\">\n<li style=\"padding-top:0;padding-bottom:0\"><strong>La partie backline<\/strong> comprend de nombreux instruments et amplis pour un large panel de son. Vous trouverez plus d&rsquo;informations sur notre page <a href=\"https:\/\/studio-zebre.com\/site\/backline\/\">backline<\/a>.<\/li>\n<\/ul>\n<\/div><figure class=\"wp-block-media-text__media\"><img loading=\"lazy\" decoding=\"async\" width=\"1024\" height=\"683\" src=\"https:\/\/studio-zebre.com\/site\/wp-content\/uploads\/2024\/08\/Studio-Le-Zebre-photo-salle-de-prise-1024x683.jpg\" alt=\"\" class=\"wp-image-2757 size-large\" srcset=\"https:\/\/studio-zebre.com\/site\/wp-content\/uploads\/2024\/08\/Studio-Le-Zebre-photo-salle-de-prise-1024x683.jpg 1024w, https:\/\/studio-zebre.com\/site\/wp-content\/uploads\/2024\/08\/Studio-Le-Zebre-photo-salle-de-prise-300x200.jpg 300w, https:\/\/studio-zebre.com\/site\/wp-content\/uploads\/2024\/08\/Studio-Le-Zebre-photo-salle-de-prise.jpg 1600w\" sizes=\"auto, (max-width: 1024px) 100vw, 1024px\" \/><\/figure><\/div>\n\n\n\n<div class=\"wp-block-media-text is-stacked-on-mobile is-vertically-aligned-center\" style=\"grid-template-columns:35% auto\"><figure class=\"wp-block-media-text__media\"><img loading=\"lazy\" decoding=\"async\" width=\"1024\" height=\"683\" src=\"https:\/\/studio-zebre.com\/site\/wp-content\/uploads\/2024\/08\/0019_23-11-0716-09STUDIO_M17512_WEB-1-1024x683.jpg\" alt=\"\" class=\"wp-image-2755 size-large\" srcset=\"https:\/\/studio-zebre.com\/site\/wp-content\/uploads\/2024\/08\/0019_23-11-0716-09STUDIO_M17512_WEB-1-1024x683.jpg 1024w, https:\/\/studio-zebre.com\/site\/wp-content\/uploads\/2024\/08\/0019_23-11-0716-09STUDIO_M17512_WEB-1-300x200.jpg 300w, https:\/\/studio-zebre.com\/site\/wp-content\/uploads\/2024\/08\/0019_23-11-0716-09STUDIO_M17512_WEB-1.jpg 1600w\" sizes=\"auto, (max-width: 1024px) 100vw, 1024px\" \/><\/figure><div class=\"wp-block-media-text__content\">\n<ul class=\"wp-block-list\">\n<li style=\"padding-top:var(--wp--preset--spacing--x-small);padding-bottom:var(--wp--preset--spacing--x-small)\"><strong>Le salon <\/strong>est agr\u00e9able et convivial, il dispose de canap\u00e9s, d&rsquo;un bar avec frigo, micro onde, machine \u00e0 caf\u00e9, bouilloire, vaisselle, plaques de cuisson&#8230;<\/li>\n<\/ul>\n\n\n\n<ul class=\"wp-block-list\">\n<li><span style=\"color: #000000;\"><strong>La r\u00e9gie et la salle de prise sont louables<\/strong> ensemble ou ind\u00e9pendamment pour<strong> <\/strong>tout vos besoins de r\u00e9p\u00e9tition, pr\u00e9-production, production, mixage avec ou sans technicien.<\/span><\/li>\n<\/ul>\n<\/div><\/div>\n\n\n\n<div style=\"height:var(--wp--preset--spacing--small)\" aria-hidden=\"true\" class=\"wp-block-spacer\"><\/div>\n\n\n\n<p class=\"has-foreground-color has-text-color has-link-color wp-elements-5a05d2983af8bf180cd56c2ecb877f8b\">Pour toutes demandes d&rsquo;information ou de tarif merci de nous <a href=\"https:\/\/studio-zebre.com\/site\/a-propos\/\">contacter<\/a>.<\/p>\n","protected":false},"excerpt":{"rendered":"<p>LE STUDIO Prise de son, \u00e9dition, mixage, r\u00e9alisation&#8230; Notre \u00e9quipement haut de gamme alliant vintage et moderne, ainsi que nos \u00e9quipes de techniciens et r\u00e9alisateurs, proposent une large palette de sonorit\u00e9 et de sensibilit\u00e9 pour accompagner avec passion labels et artistes. Pour toutes demandes d&rsquo;information ou de tarif merci de nous contacter.<\/p>\n","protected":false},"author":1,"featured_media":3008,"parent":0,"menu_order":0,"comment_status":"closed","ping_status":"closed","template":"","meta":{"footnotes":""},"class_list":["post-1736","page","type-page","status-publish","has-post-thumbnail","hentry"],"yoast_head":"<!-- This site is optimized with the Yoast SEO plugin v27.6 - https:\/\/yoast.com\/product\/yoast-seo-wordpress\/ -->\n<title>LE STUDIO - Studio Le Z\u00e8bre<\/title>\n<meta name=\"description\" content=\"Studio Le Z\u00e8bre, Besan\u00e7on, enregistrement, mixage, mastering\" \/>\n<meta name=\"robots\" content=\"index, follow, max-snippet:-1, max-image-preview:large, max-video-preview:-1\" \/>\n<link rel=\"canonical\" href=\"https:\/\/studio-zebre.com\/site\/studio-a\/\" \/>\n<meta property=\"og:locale\" content=\"fr_FR\" \/>\n<meta property=\"og:type\" content=\"article\" \/>\n<meta property=\"og:title\" content=\"LE STUDIO - Studio Le Z\u00e8bre\" \/>\n<meta property=\"og:description\" content=\"Studio Le Z\u00e8bre, Besan\u00e7on, enregistrement, mixage, mastering\" \/>\n<meta property=\"og:url\" content=\"https:\/\/studio-zebre.com\/site\/studio-a\/\" \/>\n<meta property=\"og:site_name\" content=\"Studio Le Z\u00e8bre\" \/>\n<meta property=\"article:publisher\" content=\"https:\/\/www.facebook.com\/studiolezebre\" \/>\n<meta property=\"article:modified_time\" content=\"2024-12-30T14:23:14+00:00\" \/>\n<meta property=\"og:image\" content=\"https:\/\/studio-zebre.com\/site\/wp-content\/uploads\/2024\/08\/0021_23-11-0716-15STUDIO_M17526_WEB-2.jpg\" \/>\n\t<meta property=\"og:image:width\" content=\"1600\" \/>\n\t<meta property=\"og:image:height\" content=\"1067\" \/>\n\t<meta property=\"og:image:type\" content=\"image\/jpeg\" \/>\n<meta name=\"twitter:label1\" content=\"Dur\u00e9e de lecture estim\u00e9e\" \/>\n\t<meta name=\"twitter:data1\" content=\"3 minutes\" \/>\n<script type=\"application\/ld+json\" class=\"yoast-schema-graph\">{\"@context\":\"https:\\\/\\\/schema.org\",\"@graph\":[{\"@type\":\"WebPage\",\"@id\":\"https:\\\/\\\/studio-zebre.com\\\/site\\\/studio-a\\\/\",\"url\":\"https:\\\/\\\/studio-zebre.com\\\/site\\\/studio-a\\\/\",\"name\":\"LE STUDIO - Studio Le Z\u00e8bre\",\"isPartOf\":{\"@id\":\"https:\\\/\\\/studio-zebre.com\\\/site\\\/#website\"},\"primaryImageOfPage\":{\"@id\":\"https:\\\/\\\/studio-zebre.com\\\/site\\\/studio-a\\\/#primaryimage\"},\"image\":{\"@id\":\"https:\\\/\\\/studio-zebre.com\\\/site\\\/studio-a\\\/#primaryimage\"},\"thumbnailUrl\":\"https:\\\/\\\/studio-zebre.com\\\/site\\\/wp-content\\\/uploads\\\/2024\\\/08\\\/0021_23-11-0716-15STUDIO_M17526_WEB-2.jpg\",\"datePublished\":\"2016-09-11T13:36:04+00:00\",\"dateModified\":\"2024-12-30T14:23:14+00:00\",\"description\":\"Studio Le Z\u00e8bre, Besan\u00e7on, enregistrement, mixage, mastering\",\"breadcrumb\":{\"@id\":\"https:\\\/\\\/studio-zebre.com\\\/site\\\/studio-a\\\/#breadcrumb\"},\"inLanguage\":\"fr-FR\",\"potentialAction\":[{\"@type\":\"ReadAction\",\"target\":[\"https:\\\/\\\/studio-zebre.com\\\/site\\\/studio-a\\\/\"]}]},{\"@type\":\"ImageObject\",\"inLanguage\":\"fr-FR\",\"@id\":\"https:\\\/\\\/studio-zebre.com\\\/site\\\/studio-a\\\/#primaryimage\",\"url\":\"https:\\\/\\\/studio-zebre.com\\\/site\\\/wp-content\\\/uploads\\\/2024\\\/08\\\/0021_23-11-0716-15STUDIO_M17526_WEB-2.jpg\",\"contentUrl\":\"https:\\\/\\\/studio-zebre.com\\\/site\\\/wp-content\\\/uploads\\\/2024\\\/08\\\/0021_23-11-0716-15STUDIO_M17526_WEB-2.jpg\",\"width\":1600,\"height\":1067},{\"@type\":\"BreadcrumbList\",\"@id\":\"https:\\\/\\\/studio-zebre.com\\\/site\\\/studio-a\\\/#breadcrumb\",\"itemListElement\":[{\"@type\":\"ListItem\",\"position\":1,\"name\":\"Home\",\"item\":\"https:\\\/\\\/studio-zebre.com\\\/site\\\/\"},{\"@type\":\"ListItem\",\"position\":2,\"name\":\"LE STUDIO\"}]},{\"@type\":\"WebSite\",\"@id\":\"https:\\\/\\\/studio-zebre.com\\\/site\\\/#website\",\"url\":\"https:\\\/\\\/studio-zebre.com\\\/site\\\/\",\"name\":\"Studio Le Z\u00e8bre\",\"description\":\"Sp\u00e9cialis\u00e9 dans l&#039;enregistrement musical depuis 1999 \u00e0 Besan\u00e7on.\",\"potentialAction\":[{\"@type\":\"SearchAction\",\"target\":{\"@type\":\"EntryPoint\",\"urlTemplate\":\"https:\\\/\\\/studio-zebre.com\\\/site\\\/?s={search_term_string}\"},\"query-input\":{\"@type\":\"PropertyValueSpecification\",\"valueRequired\":true,\"valueName\":\"search_term_string\"}}],\"inLanguage\":\"fr-FR\"}]}<\/script>\n<!-- \/ Yoast SEO plugin. -->","yoast_head_json":{"title":"LE STUDIO - Studio Le Z\u00e8bre","description":"Studio Le Z\u00e8bre, Besan\u00e7on, enregistrement, mixage, mastering","robots":{"index":"index","follow":"follow","max-snippet":"max-snippet:-1","max-image-preview":"max-image-preview:large","max-video-preview":"max-video-preview:-1"},"canonical":"https:\/\/studio-zebre.com\/site\/studio-a\/","og_locale":"fr_FR","og_type":"article","og_title":"LE STUDIO - Studio Le Z\u00e8bre","og_description":"Studio Le Z\u00e8bre, Besan\u00e7on, enregistrement, mixage, mastering","og_url":"https:\/\/studio-zebre.com\/site\/studio-a\/","og_site_name":"Studio Le Z\u00e8bre","article_publisher":"https:\/\/www.facebook.com\/studiolezebre","article_modified_time":"2024-12-30T14:23:14+00:00","og_image":[{"width":1600,"height":1067,"url":"https:\/\/studio-zebre.com\/site\/wp-content\/uploads\/2024\/08\/0021_23-11-0716-15STUDIO_M17526_WEB-2.jpg","type":"image\/jpeg"}],"twitter_misc":{"Dur\u00e9e de lecture estim\u00e9e":"3 minutes"},"schema":{"@context":"https:\/\/schema.org","@graph":[{"@type":"WebPage","@id":"https:\/\/studio-zebre.com\/site\/studio-a\/","url":"https:\/\/studio-zebre.com\/site\/studio-a\/","name":"LE STUDIO - Studio Le Z\u00e8bre","isPartOf":{"@id":"https:\/\/studio-zebre.com\/site\/#website"},"primaryImageOfPage":{"@id":"https:\/\/studio-zebre.com\/site\/studio-a\/#primaryimage"},"image":{"@id":"https:\/\/studio-zebre.com\/site\/studio-a\/#primaryimage"},"thumbnailUrl":"https:\/\/studio-zebre.com\/site\/wp-content\/uploads\/2024\/08\/0021_23-11-0716-15STUDIO_M17526_WEB-2.jpg","datePublished":"2016-09-11T13:36:04+00:00","dateModified":"2024-12-30T14:23:14+00:00","description":"Studio Le Z\u00e8bre, Besan\u00e7on, enregistrement, mixage, mastering","breadcrumb":{"@id":"https:\/\/studio-zebre.com\/site\/studio-a\/#breadcrumb"},"inLanguage":"fr-FR","potentialAction":[{"@type":"ReadAction","target":["https:\/\/studio-zebre.com\/site\/studio-a\/"]}]},{"@type":"ImageObject","inLanguage":"fr-FR","@id":"https:\/\/studio-zebre.com\/site\/studio-a\/#primaryimage","url":"https:\/\/studio-zebre.com\/site\/wp-content\/uploads\/2024\/08\/0021_23-11-0716-15STUDIO_M17526_WEB-2.jpg","contentUrl":"https:\/\/studio-zebre.com\/site\/wp-content\/uploads\/2024\/08\/0021_23-11-0716-15STUDIO_M17526_WEB-2.jpg","width":1600,"height":1067},{"@type":"BreadcrumbList","@id":"https:\/\/studio-zebre.com\/site\/studio-a\/#breadcrumb","itemListElement":[{"@type":"ListItem","position":1,"name":"Home","item":"https:\/\/studio-zebre.com\/site\/"},{"@type":"ListItem","position":2,"name":"LE STUDIO"}]},{"@type":"WebSite","@id":"https:\/\/studio-zebre.com\/site\/#website","url":"https:\/\/studio-zebre.com\/site\/","name":"Studio Le Z\u00e8bre","description":"Sp\u00e9cialis\u00e9 dans l&#039;enregistrement musical depuis 1999 \u00e0 Besan\u00e7on.","potentialAction":[{"@type":"SearchAction","target":{"@type":"EntryPoint","urlTemplate":"https:\/\/studio-zebre.com\/site\/?s={search_term_string}"},"query-input":{"@type":"PropertyValueSpecification","valueRequired":true,"valueName":"search_term_string"}}],"inLanguage":"fr-FR"}]}},"featured_media_urls":{"thumbnail":["https:\/\/studio-zebre.com\/site\/wp-content\/uploads\/2024\/08\/0021_23-11-0716-15STUDIO_M17526_WEB-2-150x150.jpg",150,150,true],"medium":["https:\/\/studio-zebre.com\/site\/wp-content\/uploads\/2024\/08\/0021_23-11-0716-15STUDIO_M17526_WEB-2-300x200.jpg",300,200,true],"medium_large":["https:\/\/studio-zebre.com\/site\/wp-content\/uploads\/2024\/08\/0021_23-11-0716-15STUDIO_M17526_WEB-2.jpg",768,512,false],"large":["https:\/\/studio-zebre.com\/site\/wp-content\/uploads\/2024\/08\/0021_23-11-0716-15STUDIO_M17526_WEB-2-1024x683.jpg",950,634,true],"1536x1536":["https:\/\/studio-zebre.com\/site\/wp-content\/uploads\/2024\/08\/0021_23-11-0716-15STUDIO_M17526_WEB-2-1536x1024.jpg",1536,1024,true],"2048x2048":["https:\/\/studio-zebre.com\/site\/wp-content\/uploads\/2024\/08\/0021_23-11-0716-15STUDIO_M17526_WEB-2.jpg",1600,1067,false],"inspiro-featured-image":["https:\/\/studio-zebre.com\/site\/wp-content\/uploads\/2024\/08\/0021_23-11-0716-15STUDIO_M17526_WEB-2.jpg",1600,1067,false],"inspiro-loop":["https:\/\/studio-zebre.com\/site\/wp-content\/uploads\/2024\/08\/0021_23-11-0716-15STUDIO_M17526_WEB-2-950x320.jpg",950,320,true],"inspiro-loop@2x":["https:\/\/studio-zebre.com\/site\/wp-content\/uploads\/2024\/08\/0021_23-11-0716-15STUDIO_M17526_WEB-2-1600x640.jpg",1600,640,true],"portfolio_item-thumbnail":["https:\/\/studio-zebre.com\/site\/wp-content\/uploads\/2024\/08\/0021_23-11-0716-15STUDIO_M17526_WEB-2-600x400.jpg",600,400,true],"portfolio_item-thumbnail@2x":["https:\/\/studio-zebre.com\/site\/wp-content\/uploads\/2024\/08\/0021_23-11-0716-15STUDIO_M17526_WEB-2-1200x800.jpg",1200,800,true],"portfolio_item-masonry":["https:\/\/studio-zebre.com\/site\/wp-content\/uploads\/2024\/08\/0021_23-11-0716-15STUDIO_M17526_WEB-2-600x400.jpg",600,400,true],"portfolio_item-masonry@2x":["https:\/\/studio-zebre.com\/site\/wp-content\/uploads\/2024\/08\/0021_23-11-0716-15STUDIO_M17526_WEB-2-1200x800.jpg",1200,800,true],"portfolio_item-thumbnail_cinema":["https:\/\/studio-zebre.com\/site\/wp-content\/uploads\/2024\/08\/0021_23-11-0716-15STUDIO_M17526_WEB-2-800x335.jpg",800,335,true],"portfolio_item-thumbnail_portrait":["https:\/\/studio-zebre.com\/site\/wp-content\/uploads\/2024\/08\/0021_23-11-0716-15STUDIO_M17526_WEB-2-600x900.jpg",600,900,true],"portfolio_item-thumbnail_portrait@2x":["https:\/\/studio-zebre.com\/site\/wp-content\/uploads\/2024\/08\/0021_23-11-0716-15STUDIO_M17526_WEB-2-1200x1067.jpg",1200,1067,true],"portfolio_item-thumbnail_square":["https:\/\/studio-zebre.com\/site\/wp-content\/uploads\/2024\/08\/0021_23-11-0716-15STUDIO_M17526_WEB-2-800x800.jpg",800,800,true]},"_links":{"self":[{"href":"https:\/\/studio-zebre.com\/site\/wp-json\/wp\/v2\/pages\/1736","targetHints":{"allow":["GET"]}}],"collection":[{"href":"https:\/\/studio-zebre.com\/site\/wp-json\/wp\/v2\/pages"}],"about":[{"href":"https:\/\/studio-zebre.com\/site\/wp-json\/wp\/v2\/types\/page"}],"author":[{"embeddable":true,"href":"https:\/\/studio-zebre.com\/site\/wp-json\/wp\/v2\/users\/1"}],"replies":[{"embeddable":true,"href":"https:\/\/studio-zebre.com\/site\/wp-json\/wp\/v2\/comments?post=1736"}],"version-history":[{"count":0,"href":"https:\/\/studio-zebre.com\/site\/wp-json\/wp\/v2\/pages\/1736\/revisions"}],"wp:featuredmedia":[{"embeddable":true,"href":"https:\/\/studio-zebre.com\/site\/wp-json\/wp\/v2\/media\/3008"}],"wp:attachment":[{"href":"https:\/\/studio-zebre.com\/site\/wp-json\/wp\/v2\/media?parent=1736"}],"curies":[{"name":"wp","href":"https:\/\/api.w.org\/{rel}","templated":true}]}}