{"id":2044,"date":"2018-01-19T02:37:41","date_gmt":"2018-01-19T00:37:41","guid":{"rendered":"http:\/\/studio-zebre.com\/site\/?page_id=2044"},"modified":"2024-12-30T15:44:01","modified_gmt":"2024-12-30T13:44:01","slug":"transfert-an","status":"publish","type":"page","link":"https:\/\/studio-zebre.com\/site\/transfert-an\/","title":{"rendered":"TRANSFERT A\/N"},"content":{"rendered":"\n<h2 class=\"wp-block-heading\">TRANSFERT A\/N<\/h2>\n\n\n\n<div class=\"wp-block-media-text has-media-on-the-right is-stacked-on-mobile\" style=\"grid-template-columns:auto 20%\"><div class=\"wp-block-media-text__content\">\n<p style=\"padding-top:var(--wp--preset--spacing--x-small);padding-bottom:var(--wp--preset--spacing--x-small)\">Nous proposons de transf\u00e9rer vos\u00a0supports\u00a0analogiques (bobine, cassette, vinyle) en fichiers num\u00e9riques (wav, cd audio, mp3&#8230;) avec le meilleur mat\u00e9riel de lecture possible (magn\u00e9tophone Tandberg, Platine Thorens) ainsi qu&rsquo;avec un convertisseur st\u00e9r\u00e9o de tr\u00e8s haute\u00a0qualit\u00e9\u00a0(Crane Song Hedd 192) pouvant convertir jusqu&rsquo;\u00e0 une fr\u00e9quence d&rsquo;\u00e9chantillonnage de 192Khz\/24bits.<\/p>\n<\/div><figure class=\"wp-block-media-text__media\"><img loading=\"lazy\" decoding=\"async\" width=\"512\" height=\"512\" src=\"https:\/\/studio-zebre.com\/site\/wp-content\/uploads\/2018\/01\/vinyl-white-512.png\" alt=\"\" class=\"wp-image-2048 size-full\" srcset=\"https:\/\/studio-zebre.com\/site\/wp-content\/uploads\/2018\/01\/vinyl-white-512.png 512w, https:\/\/studio-zebre.com\/site\/wp-content\/uploads\/2018\/01\/vinyl-white-512-150x150.png 150w, https:\/\/studio-zebre.com\/site\/wp-content\/uploads\/2018\/01\/vinyl-white-512-300x300.png 300w\" sizes=\"auto, (max-width: 512px) 100vw, 512px\" \/><\/figure><\/div>\n\n\n\n<div class=\"wp-block-media-text is-stacked-on-mobile\" style=\"grid-template-columns:20% auto\"><figure class=\"wp-block-media-text__media\"><img loading=\"lazy\" decoding=\"async\" width=\"800\" height=\"578\" src=\"https:\/\/studio-zebre.com\/site\/wp-content\/uploads\/2018\/01\/tandbergtd20a-a.jpg\" alt=\"\" class=\"wp-image-2046 size-full\" srcset=\"https:\/\/studio-zebre.com\/site\/wp-content\/uploads\/2018\/01\/tandbergtd20a-a.jpg 800w, https:\/\/studio-zebre.com\/site\/wp-content\/uploads\/2018\/01\/tandbergtd20a-a-300x217.jpg 300w, https:\/\/studio-zebre.com\/site\/wp-content\/uploads\/2018\/01\/tandbergtd20a-a-768x555.jpg 768w\" sizes=\"auto, (max-width: 800px) 100vw, 800px\" \/><\/figure><div class=\"wp-block-media-text__content\">\n<p style=\"padding-top:var(--wp--preset--spacing--x-small);padding-bottom:var(--wp--preset--spacing--x-small)\"><strong>NOS SERVICES :<\/strong><br \/><br \/>&#8211; <strong>Transfert A\/N<\/strong>&nbsp;de bande 1\/4&Prime;, Vinyle, Cassette vers support num\u00e9rique : 75\u20ac\/support<br \/>&#8211; <strong>Montage<\/strong> cr\u00e9ation d&rsquo;une image CD audio avec titrage cd text: 35\u20ac\/CD<br \/>&#8211; <strong>Gravure <\/strong>du montage audio ou des donn\u00e9es : 10\u20ac\/CD<br \/>&#8211; <strong>Restauration<\/strong>(1) et \u00ab\u00a0<strong>re-mastering\u00a0\u00bb<\/strong>(2) de bande 1\/4&Prime;, Vinyle, Cassette : <span style=\"font-size: inherit;\">Sur devis.<\/span><\/p>\n<\/div><\/div>\n\n\n\n<div class=\"wp-block-media-text has-media-on-the-right is-stacked-on-mobile\" style=\"grid-template-columns:auto 20%\"><div class=\"wp-block-media-text__content\">\n<p style=\"padding-top:var(--wp--preset--spacing--x-small);padding-bottom:var(--wp--preset--spacing--x-small)\">(1)<span style=\"font-size: inherit;\">Nettoyage des bruits inde\u0301sirables comme click, crack, buzz, souffle, porteuse, wow et flutter, de\u0301te\u0301rioration du spectre, re\u0301verbe\u0301ration excessive, isolation de la voix et re\u0301ajustement des volumes par groupe d\u2019instrument&nbsp; (sous re\u0301serve de faisabilite\u0301).<\/span><br \/><span style=\"font-size: inherit;\"><br \/><\/span>(2)Optimisation des timbres, de la dynamique et de l&rsquo;espace sonore.<\/p>\n<\/div><figure class=\"wp-block-media-text__media\"><img loading=\"lazy\" decoding=\"async\" width=\"1024\" height=\"672\" src=\"https:\/\/studio-zebre.com\/site\/wp-content\/uploads\/2018\/01\/1375139165-k7-1024x672.jpg\" alt=\"\" class=\"wp-image-2047 size-full\" srcset=\"https:\/\/studio-zebre.com\/site\/wp-content\/uploads\/2018\/01\/1375139165-k7-1024x672.jpg 1024w, https:\/\/studio-zebre.com\/site\/wp-content\/uploads\/2018\/01\/1375139165-k7-300x197.jpg 300w, https:\/\/studio-zebre.com\/site\/wp-content\/uploads\/2018\/01\/1375139165-k7-768x504.jpg 768w\" sizes=\"auto, (max-width: 1024px) 100vw, 1024px\" \/><\/figure><\/div>\n","protected":false},"excerpt":{"rendered":"<p>TRANSFERT A\/N Nous proposons de transf\u00e9rer vos\u00a0supports\u00a0analogiques (bobine, cassette, vinyle) en fichiers num\u00e9riques (wav, cd audio, mp3&#8230;) avec le meilleur mat\u00e9riel de lecture possible (magn\u00e9tophone Tandberg, Platine Thorens) ainsi qu&rsquo;avec un convertisseur st\u00e9r\u00e9o de tr\u00e8s haute\u00a0qualit\u00e9\u00a0(Crane Song Hedd 192) pouvant convertir jusqu&rsquo;\u00e0 une fr\u00e9quence d&rsquo;\u00e9chantillonnage de 192Khz\/24bits. NOS SERVICES : &#8211; Transfert A\/N&nbsp;de bande 1\/4&Prime;, &hellip; <\/p>\n<p class=\"link-more\"><a href=\"https:\/\/studio-zebre.com\/site\/transfert-an\/\" class=\"more-link\">Lire la suite de<span class=\"screen-reader-text\">\u00ab\u00a0TRANSFERT A\/N\u00a0\u00bb<\/span><\/a><\/p>\n","protected":false},"author":1,"featured_media":2992,"parent":0,"menu_order":0,"comment_status":"closed","ping_status":"closed","template":"","meta":{"footnotes":""},"class_list":["post-2044","page","type-page","status-publish","has-post-thumbnail","hentry"],"yoast_head":"<!-- This site is optimized with the Yoast SEO plugin v27.6 - https:\/\/yoast.com\/product\/yoast-seo-wordpress\/ -->\n<title>TRANSFERT A\/N - Studio Le Z\u00e8bre<\/title>\n<meta name=\"description\" content=\"Studio Le Z\u00e8bre, Besan\u00e7on, enregistrement, mixage, mastering\" \/>\n<meta name=\"robots\" content=\"index, follow, max-snippet:-1, max-image-preview:large, max-video-preview:-1\" \/>\n<link rel=\"canonical\" href=\"https:\/\/studio-zebre.com\/site\/transfert-an\/\" \/>\n<meta property=\"og:locale\" content=\"fr_FR\" \/>\n<meta property=\"og:type\" content=\"article\" \/>\n<meta property=\"og:title\" content=\"TRANSFERT A\/N - Studio Le Z\u00e8bre\" \/>\n<meta property=\"og:description\" content=\"Studio Le Z\u00e8bre, Besan\u00e7on, enregistrement, mixage, mastering\" \/>\n<meta property=\"og:url\" content=\"https:\/\/studio-zebre.com\/site\/transfert-an\/\" \/>\n<meta property=\"og:site_name\" content=\"Studio Le Z\u00e8bre\" \/>\n<meta property=\"article:publisher\" content=\"https:\/\/www.facebook.com\/studiolezebre\" \/>\n<meta property=\"article:modified_time\" content=\"2024-12-30T13:44:01+00:00\" \/>\n<meta property=\"og:image\" content=\"https:\/\/studio-zebre.com\/site\/wp-content\/uploads\/2024\/08\/0028_23-11-0716-38STUDIO_M17528_WEB.jpg\" \/>\n\t<meta property=\"og:image:width\" content=\"1600\" \/>\n\t<meta property=\"og:image:height\" content=\"1067\" \/>\n\t<meta property=\"og:image:type\" content=\"image\/jpeg\" \/>\n<meta name=\"twitter:label1\" content=\"Dur\u00e9e de lecture estim\u00e9e\" \/>\n\t<meta name=\"twitter:data1\" content=\"2 minutes\" \/>\n<script type=\"application\/ld+json\" class=\"yoast-schema-graph\">{\"@context\":\"https:\\\/\\\/schema.org\",\"@graph\":[{\"@type\":\"WebPage\",\"@id\":\"https:\\\/\\\/studio-zebre.com\\\/site\\\/transfert-an\\\/\",\"url\":\"https:\\\/\\\/studio-zebre.com\\\/site\\\/transfert-an\\\/\",\"name\":\"TRANSFERT A\\\/N - Studio Le Z\u00e8bre\",\"isPartOf\":{\"@id\":\"https:\\\/\\\/studio-zebre.com\\\/site\\\/#website\"},\"primaryImageOfPage\":{\"@id\":\"https:\\\/\\\/studio-zebre.com\\\/site\\\/transfert-an\\\/#primaryimage\"},\"image\":{\"@id\":\"https:\\\/\\\/studio-zebre.com\\\/site\\\/transfert-an\\\/#primaryimage\"},\"thumbnailUrl\":\"https:\\\/\\\/studio-zebre.com\\\/site\\\/wp-content\\\/uploads\\\/2024\\\/08\\\/0028_23-11-0716-38STUDIO_M17528_WEB.jpg\",\"datePublished\":\"2018-01-19T00:37:41+00:00\",\"dateModified\":\"2024-12-30T13:44:01+00:00\",\"description\":\"Studio Le Z\u00e8bre, Besan\u00e7on, enregistrement, mixage, mastering\",\"breadcrumb\":{\"@id\":\"https:\\\/\\\/studio-zebre.com\\\/site\\\/transfert-an\\\/#breadcrumb\"},\"inLanguage\":\"fr-FR\",\"potentialAction\":[{\"@type\":\"ReadAction\",\"target\":[\"https:\\\/\\\/studio-zebre.com\\\/site\\\/transfert-an\\\/\"]}]},{\"@type\":\"ImageObject\",\"inLanguage\":\"fr-FR\",\"@id\":\"https:\\\/\\\/studio-zebre.com\\\/site\\\/transfert-an\\\/#primaryimage\",\"url\":\"https:\\\/\\\/studio-zebre.com\\\/site\\\/wp-content\\\/uploads\\\/2024\\\/08\\\/0028_23-11-0716-38STUDIO_M17528_WEB.jpg\",\"contentUrl\":\"https:\\\/\\\/studio-zebre.com\\\/site\\\/wp-content\\\/uploads\\\/2024\\\/08\\\/0028_23-11-0716-38STUDIO_M17528_WEB.jpg\",\"width\":1600,\"height\":1067},{\"@type\":\"BreadcrumbList\",\"@id\":\"https:\\\/\\\/studio-zebre.com\\\/site\\\/transfert-an\\\/#breadcrumb\",\"itemListElement\":[{\"@type\":\"ListItem\",\"position\":1,\"name\":\"Home\",\"item\":\"https:\\\/\\\/studio-zebre.com\\\/site\\\/\"},{\"@type\":\"ListItem\",\"position\":2,\"name\":\"TRANSFERT A\\\/N\"}]},{\"@type\":\"WebSite\",\"@id\":\"https:\\\/\\\/studio-zebre.com\\\/site\\\/#website\",\"url\":\"https:\\\/\\\/studio-zebre.com\\\/site\\\/\",\"name\":\"Studio Le Z\u00e8bre\",\"description\":\"Sp\u00e9cialis\u00e9 dans l&#039;enregistrement musical depuis 1999 \u00e0 Besan\u00e7on.\",\"potentialAction\":[{\"@type\":\"SearchAction\",\"target\":{\"@type\":\"EntryPoint\",\"urlTemplate\":\"https:\\\/\\\/studio-zebre.com\\\/site\\\/?s={search_term_string}\"},\"query-input\":{\"@type\":\"PropertyValueSpecification\",\"valueRequired\":true,\"valueName\":\"search_term_string\"}}],\"inLanguage\":\"fr-FR\"}]}<\/script>\n<!-- \/ Yoast SEO plugin. -->","yoast_head_json":{"title":"TRANSFERT A\/N - Studio Le Z\u00e8bre","description":"Studio Le Z\u00e8bre, Besan\u00e7on, enregistrement, mixage, mastering","robots":{"index":"index","follow":"follow","max-snippet":"max-snippet:-1","max-image-preview":"max-image-preview:large","max-video-preview":"max-video-preview:-1"},"canonical":"https:\/\/studio-zebre.com\/site\/transfert-an\/","og_locale":"fr_FR","og_type":"article","og_title":"TRANSFERT A\/N - Studio Le Z\u00e8bre","og_description":"Studio Le Z\u00e8bre, Besan\u00e7on, enregistrement, mixage, mastering","og_url":"https:\/\/studio-zebre.com\/site\/transfert-an\/","og_site_name":"Studio Le Z\u00e8bre","article_publisher":"https:\/\/www.facebook.com\/studiolezebre","article_modified_time":"2024-12-30T13:44:01+00:00","og_image":[{"width":1600,"height":1067,"url":"https:\/\/studio-zebre.com\/site\/wp-content\/uploads\/2024\/08\/0028_23-11-0716-38STUDIO_M17528_WEB.jpg","type":"image\/jpeg"}],"twitter_misc":{"Dur\u00e9e de lecture estim\u00e9e":"2 minutes"},"schema":{"@context":"https:\/\/schema.org","@graph":[{"@type":"WebPage","@id":"https:\/\/studio-zebre.com\/site\/transfert-an\/","url":"https:\/\/studio-zebre.com\/site\/transfert-an\/","name":"TRANSFERT A\/N - Studio Le Z\u00e8bre","isPartOf":{"@id":"https:\/\/studio-zebre.com\/site\/#website"},"primaryImageOfPage":{"@id":"https:\/\/studio-zebre.com\/site\/transfert-an\/#primaryimage"},"image":{"@id":"https:\/\/studio-zebre.com\/site\/transfert-an\/#primaryimage"},"thumbnailUrl":"https:\/\/studio-zebre.com\/site\/wp-content\/uploads\/2024\/08\/0028_23-11-0716-38STUDIO_M17528_WEB.jpg","datePublished":"2018-01-19T00:37:41+00:00","dateModified":"2024-12-30T13:44:01+00:00","description":"Studio Le Z\u00e8bre, Besan\u00e7on, enregistrement, mixage, mastering","breadcrumb":{"@id":"https:\/\/studio-zebre.com\/site\/transfert-an\/#breadcrumb"},"inLanguage":"fr-FR","potentialAction":[{"@type":"ReadAction","target":["https:\/\/studio-zebre.com\/site\/transfert-an\/"]}]},{"@type":"ImageObject","inLanguage":"fr-FR","@id":"https:\/\/studio-zebre.com\/site\/transfert-an\/#primaryimage","url":"https:\/\/studio-zebre.com\/site\/wp-content\/uploads\/2024\/08\/0028_23-11-0716-38STUDIO_M17528_WEB.jpg","contentUrl":"https:\/\/studio-zebre.com\/site\/wp-content\/uploads\/2024\/08\/0028_23-11-0716-38STUDIO_M17528_WEB.jpg","width":1600,"height":1067},{"@type":"BreadcrumbList","@id":"https:\/\/studio-zebre.com\/site\/transfert-an\/#breadcrumb","itemListElement":[{"@type":"ListItem","position":1,"name":"Home","item":"https:\/\/studio-zebre.com\/site\/"},{"@type":"ListItem","position":2,"name":"TRANSFERT A\/N"}]},{"@type":"WebSite","@id":"https:\/\/studio-zebre.com\/site\/#website","url":"https:\/\/studio-zebre.com\/site\/","name":"Studio Le Z\u00e8bre","description":"Sp\u00e9cialis\u00e9 dans l&#039;enregistrement musical depuis 1999 \u00e0 Besan\u00e7on.","potentialAction":[{"@type":"SearchAction","target":{"@type":"EntryPoint","urlTemplate":"https:\/\/studio-zebre.com\/site\/?s={search_term_string}"},"query-input":{"@type":"PropertyValueSpecification","valueRequired":true,"valueName":"search_term_string"}}],"inLanguage":"fr-FR"}]}},"featured_media_urls":{"thumbnail":["https:\/\/studio-zebre.com\/site\/wp-content\/uploads\/2024\/08\/0028_23-11-0716-38STUDIO_M17528_WEB-150x150.jpg",150,150,true],"medium":["https:\/\/studio-zebre.com\/site\/wp-content\/uploads\/2024\/08\/0028_23-11-0716-38STUDIO_M17528_WEB-300x200.jpg",300,200,true],"medium_large":["https:\/\/studio-zebre.com\/site\/wp-content\/uploads\/2024\/08\/0028_23-11-0716-38STUDIO_M17528_WEB.jpg",768,512,false],"large":["https:\/\/studio-zebre.com\/site\/wp-content\/uploads\/2024\/08\/0028_23-11-0716-38STUDIO_M17528_WEB-1024x683.jpg",950,634,true],"1536x1536":["https:\/\/studio-zebre.com\/site\/wp-content\/uploads\/2024\/08\/0028_23-11-0716-38STUDIO_M17528_WEB-1536x1024.jpg",1536,1024,true],"2048x2048":["https:\/\/studio-zebre.com\/site\/wp-content\/uploads\/2024\/08\/0028_23-11-0716-38STUDIO_M17528_WEB.jpg",1600,1067,false],"inspiro-featured-image":["https:\/\/studio-zebre.com\/site\/wp-content\/uploads\/2024\/08\/0028_23-11-0716-38STUDIO_M17528_WEB.jpg",1600,1067,false],"inspiro-loop":["https:\/\/studio-zebre.com\/site\/wp-content\/uploads\/2024\/08\/0028_23-11-0716-38STUDIO_M17528_WEB-950x320.jpg",950,320,true],"inspiro-loop@2x":["https:\/\/studio-zebre.com\/site\/wp-content\/uploads\/2024\/08\/0028_23-11-0716-38STUDIO_M17528_WEB-1600x640.jpg",1600,640,true],"portfolio_item-thumbnail":["https:\/\/studio-zebre.com\/site\/wp-content\/uploads\/2024\/08\/0028_23-11-0716-38STUDIO_M17528_WEB-600x400.jpg",600,400,true],"portfolio_item-thumbnail@2x":["https:\/\/studio-zebre.com\/site\/wp-content\/uploads\/2024\/08\/0028_23-11-0716-38STUDIO_M17528_WEB-1200x800.jpg",1200,800,true],"portfolio_item-masonry":["https:\/\/studio-zebre.com\/site\/wp-content\/uploads\/2024\/08\/0028_23-11-0716-38STUDIO_M17528_WEB-600x400.jpg",600,400,true],"portfolio_item-masonry@2x":["https:\/\/studio-zebre.com\/site\/wp-content\/uploads\/2024\/08\/0028_23-11-0716-38STUDIO_M17528_WEB-1200x800.jpg",1200,800,true],"portfolio_item-thumbnail_cinema":["https:\/\/studio-zebre.com\/site\/wp-content\/uploads\/2024\/08\/0028_23-11-0716-38STUDIO_M17528_WEB-800x335.jpg",800,335,true],"portfolio_item-thumbnail_portrait":["https:\/\/studio-zebre.com\/site\/wp-content\/uploads\/2024\/08\/0028_23-11-0716-38STUDIO_M17528_WEB-600x900.jpg",600,900,true],"portfolio_item-thumbnail_portrait@2x":["https:\/\/studio-zebre.com\/site\/wp-content\/uploads\/2024\/08\/0028_23-11-0716-38STUDIO_M17528_WEB-1200x1067.jpg",1200,1067,true],"portfolio_item-thumbnail_square":["https:\/\/studio-zebre.com\/site\/wp-content\/uploads\/2024\/08\/0028_23-11-0716-38STUDIO_M17528_WEB-800x800.jpg",800,800,true]},"_links":{"self":[{"href":"https:\/\/studio-zebre.com\/site\/wp-json\/wp\/v2\/pages\/2044","targetHints":{"allow":["GET"]}}],"collection":[{"href":"https:\/\/studio-zebre.com\/site\/wp-json\/wp\/v2\/pages"}],"about":[{"href":"https:\/\/studio-zebre.com\/site\/wp-json\/wp\/v2\/types\/page"}],"author":[{"embeddable":true,"href":"https:\/\/studio-zebre.com\/site\/wp-json\/wp\/v2\/users\/1"}],"replies":[{"embeddable":true,"href":"https:\/\/studio-zebre.com\/site\/wp-json\/wp\/v2\/comments?post=2044"}],"version-history":[{"count":0,"href":"https:\/\/studio-zebre.com\/site\/wp-json\/wp\/v2\/pages\/2044\/revisions"}],"wp:featuredmedia":[{"embeddable":true,"href":"https:\/\/studio-zebre.com\/site\/wp-json\/wp\/v2\/media\/2992"}],"wp:attachment":[{"href":"https:\/\/studio-zebre.com\/site\/wp-json\/wp\/v2\/media?parent=2044"}],"curies":[{"name":"wp","href":"https:\/\/api.w.org\/{rel}","templated":true}]}}