{"id":4153,"date":"2025-09-11T10:06:03","date_gmt":"2025-09-11T08:06:03","guid":{"rendered":"https:\/\/studio-zebre.com\/site\/?page_id=4153"},"modified":"2025-09-11T10:17:10","modified_gmt":"2025-09-11T08:17:10","slug":"inscription-formation","status":"publish","type":"page","link":"https:\/\/studio-zebre.com\/site\/inscription-formation\/","title":{"rendered":"INSCRIPTION FORMATION"},"content":{"rendered":"\n<h2 class=\"wp-block-heading\">INSCRIPTION FORMATION<\/h2>\n\n\n<style>#wpzf-4151 + .notice { margin-top: 20px; padding: 15px; border-radius: 4px; }#wpzf-4151 + .notice.success { background-color: #e7f7ed; color: #227045; border-left: 4px solid #46b450; }#wpzf-4151 + .notice.error { background-color: #fde8e8; color: #8a1f11; border-left: 4px solid #cc0000; }#wpzf-4151 + .notice p { margin: 0; }#wpzf-4151-notice { scroll-margin-top: 24px; }<\/style><!-- ZOOM Forms Start -->\n\t\t\t<form id=\"wpzf-4151\" method=\"post\" action=\"https:\/\/studio-zebre.com\/site\/wp-admin\/admin-post.php\" class=\"wpzoom-forms_form\">\n\t\t\t<input type=\"hidden\" name=\"action\" value=\"wpzf_submit\" \/>\n\t\t\t<input type=\"hidden\" name=\"form_id\" value=\"4151\" \/>\n\t\t\t<input type=\"hidden\" id=\"_wpnonce\" name=\"_wpnonce\" value=\"d943194f6c\" \/><input type=\"hidden\" name=\"_wp_http_referer\" value=\"\/site\/wp-json\/wp\/v2\/pages\/4153\" \/>\n\t\t\t\n<div class=\"wp-block-wpzoom-forms-form\">\n<div class=\"wp-block-group is-layout-flow wp-block-group-is-layout-flow\">\n<div class=\"wp-block-columns is-layout-flex wp-container-core-columns-is-layout-28f84493 wp-block-columns-is-layout-flex\">\n<div class=\"wp-block-column is-layout-flow wp-block-column-is-layout-flow\" style=\"flex-basis:100%\">\n<label for=\"input_4ba319b4\"><span>Inscription \u00e0 la formation : ENREGISTRER UNE GUITARE ELECTRIQUE<\/span><sup class=\"wp-block-wpzoom-forms-required\">*<\/sup><\/label><ul class=\"wp-block-wpzoom-forms-radio-field\" id=\"input_4ba319b4\"><li><label><input type=\"radio\" name=\"wpzf_Inscription \u00e0 la formation : ENREGISTRER UNE GUITARE ELECTRIQUE\" id=\"input_4ba319b4-0\" value=\"Les 25 et 26 avril 2026\" required\/>Les 25 et 26 avril 2026<\/label><\/li><li><label><input type=\"radio\" name=\"wpzf_Inscription \u00e0 la formation : ENREGISTRER UNE GUITARE ELECTRIQUE\" id=\"input_4ba319b4-1\" value=\"Les 9 et 10 mai 2026\" required\/>Les 9 et 10 mai 2026<\/label><\/li><\/ul>\n\n\n\n<div style=\"height:11px\" aria-hidden=\"true\" class=\"wp-block-spacer\"><\/div>\n\n\n\n<p><strong>Civilit\u00e9<\/strong><\/p>\n\n\n\n<div class=\"wp-block-columns is-layout-flex wp-container-core-columns-is-layout-c6809a2b wp-block-columns-is-layout-flex\">\n<div class=\"wp-block-column is-layout-flow wp-block-column-is-layout-flow\" style=\"padding-right:var(--wp--preset--spacing--40)\">\n<label for=\"input_name\"><span>Pr\u00e9nom<\/span><sup class=\"wp-block-wpzoom-forms-required\">*<\/sup><\/label><input type=\"text\" name=\"wpzf_input_name\" id=\"input_name\" placeholder=\"\" required class=\"wp-block-wpzoom-forms-text-name-field\"\/>\n<\/div>\n\n\n\n<div class=\"wp-block-column is-layout-flow wp-block-column-is-layout-flow\">\n<label for=\"input_a8b565d5\"><span>Nom<\/span><sup class=\"wp-block-wpzoom-forms-required\">*<\/sup><\/label><input type=\"text\" name=\"wpzf_input_a8b565d5\" id=\"input_a8b565d5\" placeholder=\"\" required data-subject=\"false\" class=\"wp-block-wpzoom-forms-text-plain-field\"\/>\n<\/div>\n<\/div>\n\n\n\n<label for=\"input_email\"><span>Email<\/span><sup class=\"wp-block-wpzoom-forms-required\">*<\/sup><\/label><input type=\"email\" name=\"wpzf_input_email\" id=\"input_email\" placeholder=\"\" required data-replyto=\"true\" class=\"wp-block-wpzoom-forms-text-email-field\"\/>\n\n\n\n<label for=\"input_b0f354fd\"><span>Num\u00e9ro de t\u00e9l\u00e9phone<\/span><sup class=\"wp-block-wpzoom-forms-required\">*<\/sup><\/label><input type=\"tel\" name=\"wpzf_input_b0f354fd\" id=\"input_b0f354fd\" placeholder=\"\" required class=\"wp-block-wpzoom-forms-text-phone-field\"\/>\n\n\n\n<div class=\"wp-block-columns is-layout-flex wp-container-core-columns-is-layout-28f84493 wp-block-columns-is-layout-flex\">\n<div class=\"wp-block-column is-layout-flow wp-block-column-is-layout-flow\">\n<label for=\"input_6b7330a2\"><span>Je suis<\/span><sup class=\"wp-block-wpzoom-forms-required\">*<\/sup><\/label><ul class=\"wp-block-wpzoom-forms-multi-checkbox-field\" id=\"input_6b7330a2\"><li><label><input type=\"checkbox\" name=\"wpzf_input_6b7330a2[]\" id=\"input_6b7330a2-0\" value=\"Musicien\" required\/>Musicien<\/label><\/li><li><label><input type=\"checkbox\" name=\"wpzf_input_6b7330a2[]\" id=\"input_6b7330a2-1\" value=\"Technicien\" required\/>Technicien<\/label><\/li><li><label><input type=\"checkbox\" name=\"wpzf_input_6b7330a2[]\" id=\"input_6b7330a2-2\" value=\"Autre\" required\/>Autre<\/label><\/li><\/ul>\n\n\n\n<div style=\"height:19px\" aria-hidden=\"true\" class=\"wp-block-spacer\"><\/div>\n\n\n\n<label for=\"input_b7d69817\"><span>Si autre<\/span><\/label><input type=\"text\" name=\"wpzf_input_b7d69817\" id=\"input_b7d69817\" placeholder=\"\" data-subject=\"false\" class=\"wp-block-wpzoom-forms-text-plain-field\"\/>\n<\/div>\n\n\n\n<div class=\"wp-block-column is-layout-flow wp-block-column-is-layout-flow\">\n<label for=\"input_0079cc8a\"><span>Niveau de maitrise estim\u00e9 sur le sujet<\/span><sup class=\"wp-block-wpzoom-forms-required\">*<\/sup><\/label><ul class=\"wp-block-wpzoom-forms-multi-checkbox-field\" id=\"input_0079cc8a\"><li><label><input type=\"checkbox\" name=\"wpzf_input_0079cc8a[]\" id=\"input_0079cc8a-0\" value=\"Curieux\" required\/>Curieux<\/label><\/li><li><label><input type=\"checkbox\" name=\"wpzf_input_0079cc8a[]\" id=\"input_0079cc8a-1\" value=\"Amateur\" required\/>Amateur<\/label><\/li><li><label><input type=\"checkbox\" name=\"wpzf_input_0079cc8a[]\" id=\"input_0079cc8a-2\" value=\"Confirm\u00e9\" required\/>Confirm\u00e9<\/label><\/li><li><label><input type=\"checkbox\" name=\"wpzf_input_0079cc8a[]\" id=\"input_0079cc8a-3\" value=\"Pro\" required\/>Pro<\/label><\/li><\/ul>\n<\/div>\n<\/div>\n\n\n\n<p><strong>Adresse<\/strong><\/p>\n\n\n\n<label for=\"input_e78d58ed\"><span>Num\u00e9ro de voie<\/span><sup class=\"wp-block-wpzoom-forms-required\">*<\/sup><\/label><input type=\"text\" name=\"wpzf_input_e78d58ed\" id=\"input_e78d58ed\" placeholder=\"\" required data-subject=\"false\" class=\"wp-block-wpzoom-forms-text-plain-field\"\/>\n\n\n\n<label for=\"input_1fdf98b0\"><span>Type de voie et nom<\/span><sup class=\"wp-block-wpzoom-forms-required\">*<\/sup><\/label><input type=\"text\" name=\"wpzf_input_1fdf98b0\" id=\"input_1fdf98b0\" placeholder=\"\" required data-subject=\"false\" class=\"wp-block-wpzoom-forms-text-plain-field\"\/>\n\n\n\n<label for=\"input_94dc1b28\"><span>Compl\u00e9ment d&rsquo;adresse<\/span><\/label><input type=\"text\" name=\"wpzf_input_94dc1b28\" id=\"input_94dc1b28\" placeholder=\"\" data-subject=\"false\" class=\"wp-block-wpzoom-forms-text-plain-field\"\/>\n\n\n\n<div class=\"wp-block-columns is-layout-flex wp-container-core-columns-is-layout-c375d253 wp-block-columns-is-layout-flex\">\n<div class=\"wp-block-column is-layout-flow wp-block-column-is-layout-flow\" style=\"padding-right:var(--wp--preset--spacing--40)\">\n<label for=\"input_a05a7548\"><span>Ville<\/span><sup class=\"wp-block-wpzoom-forms-required\">*<\/sup><\/label><input type=\"text\" name=\"wpzf_input_a05a7548\" id=\"input_a05a7548\" placeholder=\"\" required data-subject=\"false\" class=\"wp-block-wpzoom-forms-text-plain-field\"\/>\n\n\n\n<label for=\"input_3ac177ec\"><span>Pays<\/span><sup class=\"wp-block-wpzoom-forms-required\">*<\/sup><\/label><input type=\"text\" name=\"wpzf_input_3ac177ec\" id=\"input_3ac177ec\" placeholder=\"\" required data-subject=\"false\" class=\"wp-block-wpzoom-forms-text-plain-field\"\/>\n<\/div>\n\n\n\n<div class=\"wp-block-column is-layout-flow wp-block-column-is-layout-flow\">\n<label for=\"input_fe7bc923\"><span>Code Postal<\/span><sup class=\"wp-block-wpzoom-forms-required\">*<\/sup><\/label><input type=\"text\" name=\"wpzf_input_fe7bc923\" id=\"input_fe7bc923\" placeholder=\"\" required data-subject=\"false\" class=\"wp-block-wpzoom-forms-text-plain-field\"\/>\n<\/div>\n<\/div>\n\n\n\n<label for=\"input_c01e5b84\"><span>Question ou commentaire<\/span><\/label><textarea name=\"wpzf_input_c01e5b84\" id=\"input_c01e5b84\" cols=\"1\" rows=\"3\" placeholder=\"\" class=\"wp-block-wpzoom-forms-textarea-field\"><\/textarea>\n\n\n\n<div style=\"height:30px\" aria-hidden=\"true\" class=\"wp-block-spacer\"><\/div>\n\n\n\n<p><strong>Suite \u00e0 cette inscription vous recevrez un mail de confirmation avec une facture \u00e0 votre nom dans les 48h.<\/strong><\/p>\n\n\n\n<div style=\"height:38px\" aria-hidden=\"true\" class=\"wp-block-spacer\"><\/div>\n<\/div>\n<\/div>\n\n\n\n<div class=\"wp-block-columns are-vertically-aligned-center is-layout-flex wp-container-core-columns-is-layout-28f84493 wp-block-columns-is-layout-flex\">\n<div class=\"wp-block-column is-vertically-aligned-center is-layout-flow wp-block-column-is-layout-flow\" style=\"flex-basis:30%\">\n<input   type=\"submit\" data-callback=\"wpzf_submit\" data-action=\"submit\"  id=\"input_submit\" value=\"Envoyer\"  class=\"wp-block-wpzoom-forms-submit-field cf-captcha\"><div class=\"cf-turnstile\" data-theme=\"auto\" data-sitekey=\"0x4AAAAAABvBymF-7GnN4WPr\"><\/div>\n<\/div>\n\n\n\n<div class=\"wp-block-column is-vertically-aligned-center is-layout-flow wp-block-column-is-layout-flow\" style=\"flex-basis:70%\">\n<p class=\"has-text-align-right\" style=\"font-size:clamp(14px, 0.875rem + ((1vw - 3.2px) * 0.177), 16px);px\">Les champs marqu\u00e9s avec un <strong class=\"has-accent-color has-text-color\">*<\/strong> sont \u00e0 compl\u00e9ter obligatoirement.<\/p>\n<\/div>\n<\/div>\n<\/div>\n<\/div>\n\n\n\n<p><\/p>\n\n\t\t\t<input type=\"hidden\" name=\"wpzf_replyto\" value=\"wpzf_input_email\" \/><\/form>\n\t\t\t\n\t\t\t<!-- ZOOM Forms End -->\n\n\n<p><\/p>\n","protected":false},"excerpt":{"rendered":"<p>INSCRIPTION FORMATION<\/p>\n","protected":false},"author":1,"featured_media":3285,"parent":0,"menu_order":0,"comment_status":"closed","ping_status":"closed","template":"","meta":{"footnotes":""},"class_list":["post-4153","page","type-page","status-publish","has-post-thumbnail","hentry"],"yoast_head":"<!-- This site is optimized with the Yoast SEO plugin v27.4 - https:\/\/yoast.com\/product\/yoast-seo-wordpress\/ -->\n<title>INSCRIPTION FORMATION - Studio Le Z\u00e8bre<\/title>\n<meta name=\"description\" content=\"Studio Le Z\u00e8bre, Besan\u00e7on, enregistrement, mixage, mastering\" \/>\n<meta name=\"robots\" content=\"index, follow, max-snippet:-1, max-image-preview:large, max-video-preview:-1\" \/>\n<link rel=\"canonical\" href=\"https:\/\/studio-zebre.com\/site\/inscription-formation\/\" \/>\n<meta property=\"og:locale\" content=\"fr_FR\" \/>\n<meta property=\"og:type\" content=\"article\" \/>\n<meta property=\"og:title\" content=\"INSCRIPTION FORMATION - Studio Le Z\u00e8bre\" \/>\n<meta property=\"og:description\" content=\"Studio Le Z\u00e8bre, Besan\u00e7on, enregistrement, mixage, mastering\" \/>\n<meta property=\"og:url\" content=\"https:\/\/studio-zebre.com\/site\/inscription-formation\/\" \/>\n<meta property=\"og:site_name\" content=\"Studio Le Z\u00e8bre\" \/>\n<meta property=\"article:publisher\" content=\"https:\/\/www.facebook.com\/studiolezebre\" \/>\n<meta property=\"article:modified_time\" content=\"2025-09-11T08:17:10+00:00\" \/>\n<meta property=\"og:image\" content=\"https:\/\/studio-zebre.com\/site\/wp-content\/uploads\/2024\/12\/pro-tools-11598-3.jpg\" \/>\n\t<meta property=\"og:image:width\" content=\"1024\" \/>\n\t<meta property=\"og:image:height\" content=\"612\" \/>\n\t<meta property=\"og:image:type\" content=\"image\/jpeg\" \/>\n<meta name=\"twitter:label1\" content=\"Dur\u00e9e de lecture estim\u00e9e\" \/>\n\t<meta name=\"twitter:data1\" content=\"1 minute\" \/>\n<script type=\"application\/ld+json\" class=\"yoast-schema-graph\">{\"@context\":\"https:\\\/\\\/schema.org\",\"@graph\":[{\"@type\":\"WebPage\",\"@id\":\"https:\\\/\\\/studio-zebre.com\\\/site\\\/inscription-formation\\\/\",\"url\":\"https:\\\/\\\/studio-zebre.com\\\/site\\\/inscription-formation\\\/\",\"name\":\"INSCRIPTION FORMATION - Studio Le Z\u00e8bre\",\"isPartOf\":{\"@id\":\"https:\\\/\\\/studio-zebre.com\\\/site\\\/#website\"},\"primaryImageOfPage\":{\"@id\":\"https:\\\/\\\/studio-zebre.com\\\/site\\\/inscription-formation\\\/#primaryimage\"},\"image\":{\"@id\":\"https:\\\/\\\/studio-zebre.com\\\/site\\\/inscription-formation\\\/#primaryimage\"},\"thumbnailUrl\":\"https:\\\/\\\/studio-zebre.com\\\/site\\\/wp-content\\\/uploads\\\/2024\\\/12\\\/pro-tools-11598-3.jpg\",\"datePublished\":\"2025-09-11T08:06:03+00:00\",\"dateModified\":\"2025-09-11T08:17:10+00:00\",\"description\":\"Studio Le Z\u00e8bre, Besan\u00e7on, enregistrement, mixage, mastering\",\"breadcrumb\":{\"@id\":\"https:\\\/\\\/studio-zebre.com\\\/site\\\/inscription-formation\\\/#breadcrumb\"},\"inLanguage\":\"fr-FR\",\"potentialAction\":[{\"@type\":\"ReadAction\",\"target\":[\"https:\\\/\\\/studio-zebre.com\\\/site\\\/inscription-formation\\\/\"]}]},{\"@type\":\"ImageObject\",\"inLanguage\":\"fr-FR\",\"@id\":\"https:\\\/\\\/studio-zebre.com\\\/site\\\/inscription-formation\\\/#primaryimage\",\"url\":\"https:\\\/\\\/studio-zebre.com\\\/site\\\/wp-content\\\/uploads\\\/2024\\\/12\\\/pro-tools-11598-3.jpg\",\"contentUrl\":\"https:\\\/\\\/studio-zebre.com\\\/site\\\/wp-content\\\/uploads\\\/2024\\\/12\\\/pro-tools-11598-3.jpg\",\"width\":1024,\"height\":612},{\"@type\":\"BreadcrumbList\",\"@id\":\"https:\\\/\\\/studio-zebre.com\\\/site\\\/inscription-formation\\\/#breadcrumb\",\"itemListElement\":[{\"@type\":\"ListItem\",\"position\":1,\"name\":\"Home\",\"item\":\"https:\\\/\\\/studio-zebre.com\\\/site\\\/\"},{\"@type\":\"ListItem\",\"position\":2,\"name\":\"INSCRIPTION FORMATION\"}]},{\"@type\":\"WebSite\",\"@id\":\"https:\\\/\\\/studio-zebre.com\\\/site\\\/#website\",\"url\":\"https:\\\/\\\/studio-zebre.com\\\/site\\\/\",\"name\":\"Studio Le Z\u00e8bre\",\"description\":\"Sp\u00e9cialis\u00e9 dans l&#039;enregistrement musical depuis 1999 \u00e0 Besan\u00e7on.\",\"potentialAction\":[{\"@type\":\"SearchAction\",\"target\":{\"@type\":\"EntryPoint\",\"urlTemplate\":\"https:\\\/\\\/studio-zebre.com\\\/site\\\/?s={search_term_string}\"},\"query-input\":{\"@type\":\"PropertyValueSpecification\",\"valueRequired\":true,\"valueName\":\"search_term_string\"}}],\"inLanguage\":\"fr-FR\"}]}<\/script>\n<!-- \/ Yoast SEO plugin. -->","yoast_head_json":{"title":"INSCRIPTION FORMATION - Studio Le Z\u00e8bre","description":"Studio Le Z\u00e8bre, Besan\u00e7on, enregistrement, mixage, mastering","robots":{"index":"index","follow":"follow","max-snippet":"max-snippet:-1","max-image-preview":"max-image-preview:large","max-video-preview":"max-video-preview:-1"},"canonical":"https:\/\/studio-zebre.com\/site\/inscription-formation\/","og_locale":"fr_FR","og_type":"article","og_title":"INSCRIPTION FORMATION - Studio Le Z\u00e8bre","og_description":"Studio Le Z\u00e8bre, Besan\u00e7on, enregistrement, mixage, mastering","og_url":"https:\/\/studio-zebre.com\/site\/inscription-formation\/","og_site_name":"Studio Le Z\u00e8bre","article_publisher":"https:\/\/www.facebook.com\/studiolezebre","article_modified_time":"2025-09-11T08:17:10+00:00","og_image":[{"width":1024,"height":612,"url":"https:\/\/studio-zebre.com\/site\/wp-content\/uploads\/2024\/12\/pro-tools-11598-3.jpg","type":"image\/jpeg"}],"twitter_misc":{"Dur\u00e9e de lecture estim\u00e9e":"1 minute"},"schema":{"@context":"https:\/\/schema.org","@graph":[{"@type":"WebPage","@id":"https:\/\/studio-zebre.com\/site\/inscription-formation\/","url":"https:\/\/studio-zebre.com\/site\/inscription-formation\/","name":"INSCRIPTION FORMATION - Studio Le Z\u00e8bre","isPartOf":{"@id":"https:\/\/studio-zebre.com\/site\/#website"},"primaryImageOfPage":{"@id":"https:\/\/studio-zebre.com\/site\/inscription-formation\/#primaryimage"},"image":{"@id":"https:\/\/studio-zebre.com\/site\/inscription-formation\/#primaryimage"},"thumbnailUrl":"https:\/\/studio-zebre.com\/site\/wp-content\/uploads\/2024\/12\/pro-tools-11598-3.jpg","datePublished":"2025-09-11T08:06:03+00:00","dateModified":"2025-09-11T08:17:10+00:00","description":"Studio Le Z\u00e8bre, Besan\u00e7on, enregistrement, mixage, mastering","breadcrumb":{"@id":"https:\/\/studio-zebre.com\/site\/inscription-formation\/#breadcrumb"},"inLanguage":"fr-FR","potentialAction":[{"@type":"ReadAction","target":["https:\/\/studio-zebre.com\/site\/inscription-formation\/"]}]},{"@type":"ImageObject","inLanguage":"fr-FR","@id":"https:\/\/studio-zebre.com\/site\/inscription-formation\/#primaryimage","url":"https:\/\/studio-zebre.com\/site\/wp-content\/uploads\/2024\/12\/pro-tools-11598-3.jpg","contentUrl":"https:\/\/studio-zebre.com\/site\/wp-content\/uploads\/2024\/12\/pro-tools-11598-3.jpg","width":1024,"height":612},{"@type":"BreadcrumbList","@id":"https:\/\/studio-zebre.com\/site\/inscription-formation\/#breadcrumb","itemListElement":[{"@type":"ListItem","position":1,"name":"Home","item":"https:\/\/studio-zebre.com\/site\/"},{"@type":"ListItem","position":2,"name":"INSCRIPTION FORMATION"}]},{"@type":"WebSite","@id":"https:\/\/studio-zebre.com\/site\/#website","url":"https:\/\/studio-zebre.com\/site\/","name":"Studio Le Z\u00e8bre","description":"Sp\u00e9cialis\u00e9 dans l&#039;enregistrement musical depuis 1999 \u00e0 Besan\u00e7on.","potentialAction":[{"@type":"SearchAction","target":{"@type":"EntryPoint","urlTemplate":"https:\/\/studio-zebre.com\/site\/?s={search_term_string}"},"query-input":{"@type":"PropertyValueSpecification","valueRequired":true,"valueName":"search_term_string"}}],"inLanguage":"fr-FR"}]}},"featured_media_urls":{"thumbnail":["https:\/\/studio-zebre.com\/site\/wp-content\/uploads\/2024\/12\/pro-tools-11598-3-150x150.jpg",150,150,true],"medium":["https:\/\/studio-zebre.com\/site\/wp-content\/uploads\/2024\/12\/pro-tools-11598-3-300x179.jpg",300,179,true],"medium_large":["https:\/\/studio-zebre.com\/site\/wp-content\/uploads\/2024\/12\/pro-tools-11598-3.jpg",768,459,false],"large":["https:\/\/studio-zebre.com\/site\/wp-content\/uploads\/2024\/12\/pro-tools-11598-3.jpg",950,568,false],"1536x1536":["https:\/\/studio-zebre.com\/site\/wp-content\/uploads\/2024\/12\/pro-tools-11598-3.jpg",1024,612,false],"2048x2048":["https:\/\/studio-zebre.com\/site\/wp-content\/uploads\/2024\/12\/pro-tools-11598-3.jpg",1024,612,false],"inspiro-featured-image":["https:\/\/studio-zebre.com\/site\/wp-content\/uploads\/2024\/12\/pro-tools-11598-3.jpg",1024,612,false],"inspiro-loop":["https:\/\/studio-zebre.com\/site\/wp-content\/uploads\/2024\/12\/pro-tools-11598-3-950x320.jpg",950,320,true],"inspiro-loop@2x":["https:\/\/studio-zebre.com\/site\/wp-content\/uploads\/2024\/12\/pro-tools-11598-3.jpg",1024,612,false],"portfolio_item-thumbnail":["https:\/\/studio-zebre.com\/site\/wp-content\/uploads\/2024\/12\/pro-tools-11598-3-600x400.jpg",600,400,true],"portfolio_item-thumbnail@2x":["https:\/\/studio-zebre.com\/site\/wp-content\/uploads\/2024\/12\/pro-tools-11598-3.jpg",1024,612,false],"portfolio_item-masonry":["https:\/\/studio-zebre.com\/site\/wp-content\/uploads\/2024\/12\/pro-tools-11598-3-600x359.jpg",600,359,true],"portfolio_item-masonry@2x":["https:\/\/studio-zebre.com\/site\/wp-content\/uploads\/2024\/12\/pro-tools-11598-3.jpg",1024,612,false],"portfolio_item-thumbnail_cinema":["https:\/\/studio-zebre.com\/site\/wp-content\/uploads\/2024\/12\/pro-tools-11598-3-800x335.jpg",800,335,true],"portfolio_item-thumbnail_portrait":["https:\/\/studio-zebre.com\/site\/wp-content\/uploads\/2024\/12\/pro-tools-11598-3-600x612.jpg",600,612,true],"portfolio_item-thumbnail_portrait@2x":["https:\/\/studio-zebre.com\/site\/wp-content\/uploads\/2024\/12\/pro-tools-11598-3.jpg",1024,612,false],"portfolio_item-thumbnail_square":["https:\/\/studio-zebre.com\/site\/wp-content\/uploads\/2024\/12\/pro-tools-11598-3-800x612.jpg",800,612,true]},"_links":{"self":[{"href":"https:\/\/studio-zebre.com\/site\/wp-json\/wp\/v2\/pages\/4153","targetHints":{"allow":["GET"]}}],"collection":[{"href":"https:\/\/studio-zebre.com\/site\/wp-json\/wp\/v2\/pages"}],"about":[{"href":"https:\/\/studio-zebre.com\/site\/wp-json\/wp\/v2\/types\/page"}],"author":[{"embeddable":true,"href":"https:\/\/studio-zebre.com\/site\/wp-json\/wp\/v2\/users\/1"}],"replies":[{"embeddable":true,"href":"https:\/\/studio-zebre.com\/site\/wp-json\/wp\/v2\/comments?post=4153"}],"version-history":[{"count":3,"href":"https:\/\/studio-zebre.com\/site\/wp-json\/wp\/v2\/pages\/4153\/revisions"}],"predecessor-version":[{"id":4160,"href":"https:\/\/studio-zebre.com\/site\/wp-json\/wp\/v2\/pages\/4153\/revisions\/4160"}],"wp:featuredmedia":[{"embeddable":true,"href":"https:\/\/studio-zebre.com\/site\/wp-json\/wp\/v2\/media\/3285"}],"wp:attachment":[{"href":"https:\/\/studio-zebre.com\/site\/wp-json\/wp\/v2\/media?parent=4153"}],"curies":[{"name":"wp","href":"https:\/\/api.w.org\/{rel}","templated":true}]}}